+ 2*y + w - 68, -22 = -y - 3*w. Suppose t + 3 = -q, -2*t = -3*q - 21 - 13. Let m = y + q. List the prime factors of m.
5
Let j be (4 + -1 - 6) + 8. Suppose -14 = j*h - 374. Suppose 2*s + 2*s = h. What are the prime factors of s?
2, 3
Suppose a + 10 = -4*a. What are the prime factors of (-6)/(a/1)*2?
2, 3
Let u = -15 + 11. Let z be 2/u - (-35)/(-2). List the prime factors of 2/6 - 102/z.
2, 3
Suppose 5*n - 114 - 57 = -3*y, 98 = 2*y - 2*n. What are the prime factors of y?
2, 13
Suppose 15 + 45 = -4*z - 4*b, z - 3*b + 27 = 0. List the prime factors of 480/z*(-12)/10.
2
Let l = -121 - -172. What are the prime factors of l?
3, 17
Suppose -o + 2*f = -23, 0*o - 5*f - 17 = -o. Suppose 19*v + o = 20*v. What are the prime factors of v?
3
Let d(k) = k**2 - k + 11. Let f be d(5). Suppose 0 = 3*g - 3*j - 54, -f = -0*g - 2*g + j. List the prime factors of g.
13
Let f be -2*1*6/(-4). Suppose -4*p + 3*o + 11 = 0, f*o + 4 = 3*p - 5. List the prime factors of (0 + -1)*(-19 + p).
17
Suppose 3*l - 350 = -5*g, -4*l = -3*l - 5*g - 130. What are the prime factors of l?
2, 3, 5
Suppose -2*t - 3 - 3 = 0. Let o(l) = -l**2 - 6*l + 2. What are the prime factors of o(t)?
11
Suppose 0 = 4*a - 2 - 14. Suppose -3*k + p - 4 = -p, -2*k - 5*p + 29 = 0. Suppose l + 19 = 5*q, a*q - 2*q + l = k. List the prime factors of q.
3
Suppose 0 = 5*h - 20, -3 = -5*w - 4*h + 163. What are the prime factors of w?
2, 3, 5
Suppose 5*a = 2*a + 174. List the prime factors of a.
2, 29
Suppose 0 = 2*c - 7*c. Suppose c*f = 2*f - 98. List the prime factors of f.
7
Suppose -2*r - 4*z + 73 = -r, -z = 2*r - 111. Suppose 3*x - 94 - r = 0. Let h = -27 + x. What are the prime factors of h?
2, 11
Suppose 6*n = 2*n + 16. Suppose 4*g + 5 = 3*b + 34, -n*g = -b - 23. What are the prime factors of -5 - -3 - g*-2?
2
Suppose -2*d = 2*i - 62, -1 = -i + 5*d + 12. List the prime factors of i.
2, 7
Let j(o) = o - 11. Let q be j(5). Let s = 2 + q. Let u = 6 - s. What are the prime factors of u?
2, 5
Suppose t - 13 = 16. Suppose 4*h - 28 - 44 = 0. Let l = t - h. List the prime factors of l.
11
Let y = 22 - 4. What are the prime factors of y?
2, 3
Suppose 2*s - 4 = -2*s. List the prime factors of (2 - s)*(0 + 18).
2, 3
Suppose x + 2 = 4. Suppose 2*p = j + 32, 5*p - 2*j = -3*j + 94. Suppose x*u - 4*u = -p. What are the prime factors of u?
3
Let d(s) = -s**2 - 6*s - 4. Let w be d(-3). Suppose -15 = -0*r - w*r. List the prime factors of r.
3
Let o = 0 - -12. Suppose -4*m + 23 = q, m - q = -0*m + o. List the prime factors of m.
7
Suppose 5*f = 3*j - 6, 5*j + 3*f - 2*f = 10. List the prime factors of j.
2
What are the prime factors of 36/(-45) + (-1)/5 + 84?
83
Let b(w) = -36*w. List the prime factors of b(-2).
2, 3
Suppose -4*q = q - 90. List the prime factors of q.
2, 3
Let d be (33/(-2))/((-2)/(-4)). Let m = -15 - d. Suppose 4*f - m = f. List the prime factors of f.
2, 3
Suppose -5*j = w - 13, 4*w - 3*w = -j + 5. Let s be -8*j/8*-2. Suppose s = 3*c - 14. What are the prime factors of c?
2, 3
Suppose -n + 2*w - 12 = 17, 4*n + 106 = 3*w. Let k = -11 - n. What are the prime factors of k?
2, 7
List the prime factors of 14*9*(0 + -1 + 2).
2, 3, 7
Suppose 0 = -3*a + 2 + 4. What are the prime factors of a*2/(12/27)?
3
Let h be (0 - 2) + -1 + 9. Let t be 2/6 - (-30)/(-9). Let a = t + h. List the prime factors of a.
3
Let d = -4 + -4. Let z = d - -12. What are the prime factors of z?
2
Suppose 62*x - 64*x - 8 = 0. Suppose -i + 4*r = 4*i - 10, 0 = 3*i + 2*r - 28. What are the prime factors of (x/i)/(4/(-54))?
3
Let m = 4 - 0. Let a be (m/8)/((-2)/(-28)). Suppose -4*s - a = -63. List the prime factors of s.
2, 7
Let s = 0 - -1. Suppose 4*x - 36 = 8. Suppose -m = s - x. List the prime factors of m.
2, 5
Suppose -9*l + 7*l = -112. List the prime factors of l.
2, 7
Let u = 7 + -5. Suppose 9 = u*l - 15. What are the prime factors of l?
2, 3
Suppose -3*z + 2*n = -0 - 1, -3*z + 4 = n. Let m = z + 5. Suppose -4*s + 5*s = m. What are the prime factors of s?
2, 3
Let m = 28 + -11. Suppose m = -5*h + 6*h. List the prime factors of h.
17
Let m(p) = 30*p**2. Let g be 6/(-4)*(-6)/(-9). Let x be m(g). Let y = -20 + x. What are the prime factors of y?
2, 5
Suppose 2*z - 1 = 3*j - 2, 2*z + 7 = 5*j. Suppose -z*f + 205 = 3*s, -f - s + 58 = 2*s. What are the prime factors of f?
7
Let a = -30 + 58. What are the prime factors of a?
2, 7
Let m(y) = 5*y**2 + 7*y - 2. Let l(h) = h**2. Let c(b) = -6*l(b) + m(b). Let q be c(4). What are the prime factors of (1 - q/(-1))/1?
11
Suppose 0 = -2*c + 4*j - 8, 3*c - 2*c + 8 = 3*j. Suppose 3*o + 2 = c*o. What are the prime factors of o?
2
Let m(s) be the first derivative of s**3/3 - 7*s**2/2 - 2. List the prime factors of m(9).
2, 3
Let f = 0 + -4. List the prime factors of (10/f)/((-6)/12).
5
Suppose -2*z - 142 = -3*z. Suppose 4*k - z = 3*l - 34, 3*k + 4*l = 106. List the prime factors of k.
2, 3, 5
Let k(d) = 3*d**2 + 4*d - 6. What are the prime factors of k(4)?
2, 29
Let f(w) be the second derivative of w**5/60 + w**4/12 - w**3/2 + w**2/2 + w. Let p(j) be the first derivative of f(j). List the prime factors of p(2).
5
Let m = 47 - 17. Suppose f = -y + 12, 3*y + 5*f = 7*y - m. What are the prime factors of y?
2, 5
Let k(q) = -2*q - 10. Let z be k(-7). Let f(j) = 3 + 1 + j - 2. List the prime factors of f(z).
2, 3
Let i(w) = -w**2 - 17*w - 13. What are the prime factors of i(-14)?
29
Let u = 51 + -32. What are the prime factors of u?
19
Let y = -59 + 42. Let o = -5 - y. What are the prime factors of o?
2, 3
Let w = -19 - -58. What are the prime factors of w?
3, 13
Let i be (6 - 1) + 1*2. Suppose -12 = 4*x, -x = -6*j + j + 133. Suppose -o = -j + i. List the prime factors of o.
19
Suppose 2*b = -3*b + 20, -2*b = 4*f. Let k be f + (4 - 0)/(-2). List the prime factors of 14 + (0 - -2) + k.
2, 3
Let m = 6 + -4. Let o be (-1)/(-1) + 0 + m. Suppose 0*y + o*y = 27. What are the prime factors of y?
3
Let j(u) = -11*u**3 + 2*u**2 + u. Let f be 2/(0 - -2) - -3. Let l = -5 + f. List the prime factors of j(l).
2, 3
Let b = 0 + -7. Let n = -4 - b. List the prime factors of n.
3
Suppose 0 = 7*n - 529 - 598. List the prime factors of n.
7, 23
Let w = -18 - -10. What are the prime factors of (0 - 1) + w/(-2)?
3
Let u(x) = 4*x + 9. What are the prime factors of u(5)?
29
Let h be 26/3 - (-3)/9. Let k(o) = o - 7. Let r be k(h). Suppose 0 = 5*x - 2*i - 66, -r*x + 0*i = -2*i - 24. List the prime factors of x.
2, 7
Let d(c) = c. Let x = 4 + 0. Let s be ((-15)/(-6))/(2/x). What are the prime factors of d(s)?
5
Let g be 54/(-15) - 2/5. Let o(d) = 7*d**2 + 12*d + 11. Let s(x) = 13*x**2 + 23*x + 21. Let t(v) = 11*o(v) - 6*s(v). List the prime factors of t(g).
3
Let t = 8 + -3. Suppose 0 = t*s - 14 - 6. What are the prime factors of s?
2
Let n(u) = 5*u**2 + 2*u - 6. What are the prime factors of n(-3)?
3, 11
Let b = 33 + -15. What are the prime factors of b?
2, 3
Let h(s) = -2*s + 3. Suppose 6*q - 2*q + 20 = 0, 14 = -3*g - 4*q. Suppose g*w = 2*f + 14, 2*f + 2*f + 2*w + 16 = 0. List the prime factors of h(f).
13
Suppose 0 = 4*r - 25 + 5. What are the prime factors of r?
5
Suppose 8 = -3*y + 5*y. List the prime factors of 40/(-25)*(-50)/y.
2, 5
Let q(l) = -l**3 - l**2 + l + 13. Suppose -2*c = -0*c. What are the prime factors of q(c)?
13
Let w = -16 - -18. List the prime factors of w.
2
Let t(x) = -x**3 + 9*x**2 + 20*x + 11. List the prime factors of t(10).
3, 37
Let g(o) = -o**3 - 12*o**2 + 6*o - 10. What are the prime factors of g(-13)?
3
Let p(c) = -4*c - 6. Let b be p(-5). Suppose n + 0*n - 34 = 5*o, n = o + b. What are the prime factors of n?
3
Let a = 68 - 38. What are the prime factors of a?
2, 3, 5
Suppose 0 = 5*y - 188 - 272. What are the prime factors of y?
2, 23
Suppose 0 = 4*y + k - 256, 5*k + 76 - 12 = y. What are the prime factors of y?
2
Let n be 1 + 0 - (-4 + 3). Suppose n*x - 105 = 3*x. What are the prime factors of x/(-9) + (-4)/6?
11
Suppose 4*f + 2*u = -40, 5*u + 56 - 11 = -5*f. What are the prime factors of (f/2)/((-3)/6)?
11
Suppose 30*g - 25*g = 505. List the prime factors of g.
101
Let f(c) = c. Suppose 5*r - 30 = -5*o, 3*r - r - 5*o = -9. Suppose -4*w = -r - 9. List the prime factors of f(w).
3
Let v be 2/4*(-4 - 42). Let r = 46 + v. What are the prime factors of r?
23
Let r = -5 + 6. List the prime factors of r/((-